f 2*z**3/3 + z**2 + 5*z. Let r be a(-2). Let c(h) = h**3 + 7*h**2 + 5*h - 1. What is the remainder when c(r) is divided by 4?
1
Let w(r) = 7*r**2 + 16*r + 83. Calculate the remainder when w(-4) is divided by 42.
5
Let x(i) = -7*i - 3. Let t be x(-3). Let z = 47 - t. What is the remainder when z is divided by 15?
14
Suppose 6090 = 6*p - p + w, -w - 2436 = -2*p. What is the remainder when -1 - (-2 - -5)*-19 is divided by 2/4*p/21?
27
Let t = 11 + 6. Let k = 156 + -43. Suppose k - t = 4*u. What is the remainder when 93 is divided by u?
21
Let h(g) = -7*g**2 - 16*g - 21. Let v(o) = o**2. Let r(l) = -h(l) - 6*v(l). What is the remainder when 22 is divided by r(-15)?
4
Let u(b) be the third derivative of -b**4/4 - 14*b**3/3 + b**2 + 7*b. What is the remainder when 6 is divided by u(-5)?
0
Calculate the remainder when 1516 is divided by 6/24 - (0 + (-1868)/16).
112
Let y(i) = 5*i - 3. Let r(w) = -4*w - 49. Calculate the remainder when r(-19) is divided by y(2).
6
Let i(n) = n**3 - 5*n**2 + 7*n - 8. Let u be i(4). Suppose t + 76 + 11 = u*o, -o - t = -18. Calculate the remainder when o is divided by 13.
8
Let g = -1 + 9. Suppose 0 = -q + 2*q + g. Calculate the remainder when 21 is divided by q*(1 - (5 - 3)).
5
Suppose d + 0*d + 4*k = 47, 5*d + 3*k - 201 = 0. Suppose u - 20 = 8. Suppose s - d = u. What is the remainder when s is divided by 17?
16
Let s(w) = -w**3 - 23*w**2 + 84*w + 161. Suppose -2*m + 17 = 3. What is the remainder when m is divided by s(-26)?
2
Let t = -1473 + 1791. Calculate the remainder when 321 is divided by t.
3
Suppose 14 = 3*h - 16. Suppose 0 = -3*m + 2*a + 130, -m + 2*a + 62 = 16. Suppose m*r - 40*r = 34. What is the remainder when r is divided by h?
7
Suppose -50 = -5*x + 60. Calculate the remainder when (16 + -13)*(-42)/(-2) is divided by x.
19
Suppose -b - 5*n = -16, -2*b + 121 = 2*b + n. What is the remainder when 97 is divided by b?
4
Suppose -3*u + 38 = 4*j - 39, 3*j = 5*u + 36. Calculate the remainder when 2056 is divided by j.
16
Suppose 16*d = d + 285. Calculate the remainder when 31 is divided by d.
12
Calculate the remainder when 9 + -6 + 194/1 is divided by 33.
32
Suppose 33 = -9*z - 21. Let y = z - -29. Suppose 2*r = 14 + 10. What is the remainder when y is divided by r?
11
Suppose 0*l + 68 = 3*l - t, 4*l = 4*t + 104. Calculate the remainder when l is divided by 6.
3
Let i be 1 + -3 + (-1)/(-1). Let z(t) = 22*t**2 - 3*t - 2. Calculate the remainder when z(i) is divided by 6.
5
Let x be (6/(-3))/(1/4) + -2. Let i = x - -40. Calculate the remainder when 87 is divided by i.
27
Let t(i) = -14*i**2 - 6*i - 7. Let d(n) = 41*n**2 + 17*n + 20. Let w(f) = 3*d(f) + 8*t(f). Calculate the remainder when 22 is divided by w(-1).
10
Let s be 3/9 + 32/(-6). Let g = s + 6. Calculate the remainder when -7*(g - 2)*1 is divided by 2.
1
Suppose -4*b + 77 = -147. Let s be (180/8)/((-1)/(-2)). Let j = 74 - s. Calculate the remainder when b is divided by j.
27
Let l be 7/4 - (-5)/20. Suppose 4*r - l*r - 162 = 0. Calculate the remainder when r is divided by 21.
18
Let d(h) = -h - 1. Let v(c) = -c**3 - 9*c**2 - c - 2. Let u(m) = -3*d(m) - v(m). What is the remainder when u(-6) is divided by 18?
17
Let t = 33 + -9. Let p(o) = -o**2 - 3*o + 10. Let b be p(-5). Suppose b*w - 2*k = -2*w + 14, 2*k = 5*w - 41. Calculate the remainder when t is divided by w.
6
Let x = -2098 - -2321. What is the remainder when x is divided by 100?
23
Let t(m) = 2*m + 17. Let a be t(-3). Suppose a*q - q - 690 = 0. Calculate the remainder when q is divided by 14.
13
Suppose -2*i - 23 = -3*k - 100, 4*i = 3*k + 139. Let g = i - 4. Calculate the remainder when g is divided by 15.
12
Suppose -2*m + 228 = 126. Suppose 5*j + 8*n - 70 = 3*n, -2*j - 4*n + 20 = 0. What is the remainder when m is divided by j?
15
Let k be 8/12*3 + 1. Let m(q) = 4*q**2 - 8*q - 1. What is the remainder when 74 is divided by m(k)?
8
Let l be 2 - (-3 - (-15)/3) - -4. Suppose 0 = l*w + 15 - 383. Calculate the remainder when w is divided by 31.
30
Let b = -271 - -300. What is the remainder when 130 is divided by b?
14
Let y = 148 - 143. Calculate the remainder when y is divided by 2.
1
Let n = -29 - -29. Suppose n = f + 2*f + s - 49, 2*f - 18 = 3*s. What is the remainder when 73 is divided by f?
13
Let r = 11 + -6. Suppose 5*h = 10, 9 + 49 = 4*m - r*h. What is the remainder when 49 is divided by m?
15
Let b = 104 + -56. Calculate the remainder when b is divided by (-2)/(6/9 + 400/(-510)).
14
Let z(b) = 3*b**3 + b**2 - 5*b + 1. What is the remainder when 226 is divided by z(2)?
17
Let w = 4060 + -4004. Calculate the remainder when w is divided by 62/(-4)*(0 - 2).
25
Suppose 4*b - 12 = -4*v, -v + 9 = 4*v - b. Calculate the remainder when (-15)/2*((-12)/9 - v) is divided by 13.
12
Let c = 7 - 1. Suppose -2*p = p + 12. Let m(b) = -4*b - 5. Calculate the remainder when m(p) is divided by c.
5
Let n(r) = -r**3 + 2*r - 3. Suppose 3*y + y = -12. Calculate the remainder when n(y) is divided by (-3 - (-3 - 10))*1.
8
Suppose -m = 4*a - 992, 9*m = a + 8*m - 253. What is the remainder when a is divided by 29?
17
Let g(c) = -4*c**3 - 2*c**2 + c + 2. Let d be g(-1). Suppose 18 = -d*o + 42. Calculate the remainder when 31 is divided by o.
7
Let u(x) = -2*x**2 - 54*x + 47. Let y be u(-23). Suppose i + 227 = y. Let q = 9 + 6. What is the remainder when q is divided by i?
3
Let v = 6 - 22. Let m be v/(-7) + (-14)/49. Suppose 4*a - 3*a = -m*b + 33, -4*b = 5*a - 75. Calculate the remainder when 58 is divided by b.
13
Suppose 4*q = 3*j - 591, -3*j + q + 591 = 4*q. What is the remainder when j is divided by 109?
88
Suppose -4*n + 8*n = 0. What is the remainder when (n - -4)/((-2)/(-10)) + -3 is divided by 6?
5
Let w = -1656 - -1675. Let d be -1*(-12 - 1)*-5. Calculate the remainder when w is divided by (-2)/9 + d/(-9).
5
Let s(n) = -n**3 + 2*n**2 - 18. Calculate the remainder when 430 is divided by s(-3).
25
Suppose -47*q = -50*q. Suppose q = z - 11*z + 800. Let w = 26 - -1. Calculate the remainder when z is divided by w.
26
Suppose -2031*q - 48 = -2034*q. What is the remainder when 1021 is divided by q?
13
Let i = -585 + 620. Calculate the remainder when 135 is divided by i.
30
Suppose 0*t + 40 = 5*t. Let l = 21 - t. What is the remainder when (38 + 10)*(-2)/(-4) is divided by l?
11
Let q(t) = t**2 + t - 38. Let l(o) = 4*o**2 + 5*o - 7. Calculate the remainder when q(9) is divided by l(2).
14
Suppose -p + 5 = -0*p. Suppose -45 + 5 = -3*m + f, -2*f - 24 = -2*m. What is the remainder when m is divided by p?
4
Suppose -5*v + 20 = -4*t, 2*v + 0*t = 2*t + 10. Suppose 4*m - 91 = -o, v = -2*m + 5*o + 15 + 14. Calculate the remainder when 108 is divided by m.
20
Let y = -112 - -115. Suppose 0*s + 2*u - 115 = -y*s, 0 = 2*s - u - 72. What is the remainder when s is divided by 26?
11
Suppose 0 = 2*q - 6 - 4. Suppose q*h - 39 = 11. Suppose 66 = 13*j - h*j. What is the remainder when j is divided by 6?
4
Let j(f) = -5*f + 127. Calculate the remainder when 466 is divided by j(-6).
152
Suppose 471 = 4*p - 3*d, -d - 1 - 4 = 0. What is the remainder when p is divided by 43?
28
Let f = 36 - 33. Suppose 0 = -s + 2*x + 7 + 6, -s - 3*x = 12. Suppose -f*z + l = -6, 5*z + 0*l - s = 4*l. What is the remainder when z is divided by 2?
1
Let d be 10/(-20)*(1 - 27). Let n = d - -1. What is the remainder when 52 is divided by n?
10
Let i = 16 - 11. Let h = -23 - -28. Let f = i + h. Calculate the remainder when 19 is divided by f.
9
Let t(n) = 3*n**2 - 11*n - 32. What is the remainder when t(7) is divided by 9?
2
Let a(b) = 78*b + 410. What is the remainder when 582 is divided by a(-4)?
92
Suppose 0 = -40*t + 26*t + 504. What is the remainder when 111 is divided by t?
3
Suppose -3*l = -4*g - 441, l - 12*g - 147 = -7*g. What is the remainder when l is divided by 25?
22
Let y(n) = 12*n + 8*n + 2*n - 1. What is the remainder when 62 is divided by y(1)?
20
Suppose 2*u = -4*t + 78, t - 3*u = -3*t + 73. Suppose 4*c + t = 4*o - 13, -4*o = -2*c - 36. What is the remainder when (39/2)/(4/8) is divided by o?
9
Suppose 0 = -d + 1, 2 = f - d - 1. Let i be 4/(-7) + 436/28. Suppose 2*h + 7*c - 4*c - 34 = 0, -h = c - i. What is the remainder when h is divided by f?
3
What is the remainder when 49 - -196 - (-3)/(9/3) is divided by 13?
12
Let b be ((-9)/(-6))/(-2